{"id":5223,"date":"2025-01-31T16:47:35","date_gmt":"2025-01-31T19:47:35","guid":{"rendered":"https:\/\/reybrasilautopecas.com.br\/?post_type=product&#038;p=5223"},"modified":"2025-02-17T14:02:29","modified_gmt":"2025-02-17T17:02:29","slug":"radiador-agua-sandero-logan-clio-1-0-1-6-2007-ate-2013","status":"publish","type":"product","link":"https:\/\/reybrasilautopecas.com.br\/?product=radiador-agua-sandero-logan-clio-1-0-1-6-2007-ate-2013","title":{"rendered":"Radiador Agua Sandero\/Logan\/Clio 1.0 1.6 2007 At\u00e9 2013 Visconde 2900"},"content":{"rendered":"<h2 class=\"ui-pdp-description__title\" data-testid=\"title\"><span style=\"font-size: 16px;\"><strong>Descri\u00e7\u00e3o<\/strong><\/span><\/h2>\n<p><span style=\"font-size: 16px;\"><strong>Observa\u00e7\u00e3o:<\/strong><\/span><br \/>\n<span style=\"font-size: 16px;\"><strong>Produto novo, com NOTA FISCAL.<\/strong><\/span><\/p>\n<p><span style=\"font-size: 16px;\"><strong>Este an\u00fancio cont\u00e9m:<\/strong><\/span><br \/>\n<span style=\"font-size: 16px;\"><strong>1 (Um) Radiador VISCONDE.<\/strong><\/span><\/p>\n<p><span style=\"font-size: 16px;\"><strong>Dimens\u00f5es Radiador:<\/strong><\/span><br \/>\n<span style=\"font-size: 16px;\"><strong>480MM x 414MM x 23MM.<\/strong><\/span><\/p>\n<p><span style=\"font-size: 16px;\"><strong>Informa\u00e7\u00f5es T\u00e9cnicas:<\/strong><\/span><br \/>\n<span style=\"font-size: 16px;\"><strong>Cambio Manual Com ou Sem AR.<\/strong><\/span><\/p>\n","protected":false},"excerpt":{"rendered":"<p><span style=\"font-size: 16px;\"><strong>Aplic\u00e1vel nos seguintes ve\u00edculos:<\/strong><\/span><\/p>\n<p><span style=\"font-size: 16px;\"><strong>Montadora: Renault;<\/strong><\/span><br \/>\n<span style=\"font-size: 16px;\"><strong>Ve\u00edculo: Sandero;<\/strong><\/span><br \/>\n<span style=\"font-size: 16px;\"><strong>Motor: 1.0 e 1.6 16V;<\/strong><\/span><br \/>\n<span style=\"font-size: 16px;\"><strong>Ano: 2007, 2008, 2009, 2010, 2011, 2012 e 2013.<\/strong><\/span><\/p>\n<p><span style=\"font-size: 16px;\"><strong>Montadora: Renault;<\/strong><\/span><br \/>\n<span style=\"font-size: 16px;\"><strong>Ve\u00edculo: Logan;<\/strong><\/span><br \/>\n<span style=\"font-size: 16px;\"><strong>Motor: 1.0 e 1.6 16V;<\/strong><\/span><br \/>\n<span style=\"font-size: 16px;\"><strong>Ano: 2007, 2008, 2009, 2010, 2011, 2012 e 2013.<\/strong><\/span><\/p>\n<p><span style=\"font-size: 16px;\"><strong>Montadora: Renault;<\/strong><\/span><br \/>\n<span style=\"font-size: 16px;\"><strong>Ve\u00edculo: Kangoo;<\/strong><\/span><br \/>\n<span style=\"font-size: 16px;\"><strong>Motor: 1.0 e 1.6;<\/strong><\/span><br \/>\n<span style=\"font-size: 16px;\"><strong>Ano: 1999, 2000, 2001, 2002, 2003, 2004, 2005, 2006, 2007 e 2008.<\/strong><\/span><\/p>\n<p><span style=\"font-size: 16px;\"><strong>Montadora: Renault;<\/strong><\/span><br \/>\n<span style=\"font-size: 16px;\"><strong>Ve\u00edculo: Clio;<\/strong><\/span><br \/>\n<span style=\"font-size: 16px;\"><strong>Motor: 1.0 e 1.6;<\/strong><\/span><br \/>\n<span style=\"font-size: 16px;\"><strong>Ano: 1999, 2000, 2001, 2002, 2003, 2004, 2005, 2006, 2007 e 2008.<\/strong><\/span><\/p>\n<p><span style=\"font-size: 16px;\"><strong>C\u00f3digo da Pe\u00e7a:<\/strong><\/span><br \/>\n<span style=\"font-size: 16px;\"><strong>RV2900 &#8211; VISCONDE.<\/strong><\/span><\/p>\n","protected":false},"featured_media":5224,"comment_status":"open","ping_status":"closed","template":"","meta":{"om_disable_all_campaigns":false,"jetpack_publicize_message":"","jetpack_publicize_feature_enabled":true,"jetpack_social_post_already_shared":true,"jetpack_social_options":{"image_generator_settings":{"template":"highway","default_image_id":0,"font":"","enabled":false},"version":2}},"product_brand":[],"product_cat":[15],"product_tag":[],"class_list":{"0":"post-5223","1":"product","2":"type-product","3":"status-publish","4":"has-post-thumbnail","6":"product_cat-sem-categoria","8":"first","9":"instock","10":"shipping-taxable","11":"purchasable","12":"product-type-simple"},"jetpack_publicize_connections":[],"jetpack_sharing_enabled":true,"_links":{"self":[{"href":"https:\/\/reybrasilautopecas.com.br\/index.php?rest_route=\/wp\/v2\/product\/5223","targetHints":{"allow":["GET"]}}],"collection":[{"href":"https:\/\/reybrasilautopecas.com.br\/index.php?rest_route=\/wp\/v2\/product"}],"about":[{"href":"https:\/\/reybrasilautopecas.com.br\/index.php?rest_route=\/wp\/v2\/types\/product"}],"replies":[{"embeddable":true,"href":"https:\/\/reybrasilautopecas.com.br\/index.php?rest_route=%2Fwp%2Fv2%2Fcomments&post=5223"}],"wp:featuredmedia":[{"embeddable":true,"href":"https:\/\/reybrasilautopecas.com.br\/index.php?rest_route=\/wp\/v2\/media\/5224"}],"wp:attachment":[{"href":"https:\/\/reybrasilautopecas.com.br\/index.php?rest_route=%2Fwp%2Fv2%2Fmedia&parent=5223"}],"wp:term":[{"taxonomy":"product_brand","embeddable":true,"href":"https:\/\/reybrasilautopecas.com.br\/index.php?rest_route=%2Fwp%2Fv2%2Fproduct_brand&post=5223"},{"taxonomy":"product_cat","embeddable":true,"href":"https:\/\/reybrasilautopecas.com.br\/index.php?rest_route=%2Fwp%2Fv2%2Fproduct_cat&post=5223"},{"taxonomy":"product_tag","embeddable":true,"href":"https:\/\/reybrasilautopecas.com.br\/index.php?rest_route=%2Fwp%2Fv2%2Fproduct_tag&post=5223"}],"curies":[{"name":"wp","href":"https:\/\/api.w.org\/{rel}","templated":true}]}}

Radiador Agua Sandero/Logan/Clio 1.0 1.6 2007 Até 2013 Visconde 2900

<h2 class="ui-pdp-description__title" data-testid="title"><span style="font-size: 16px;"><strong>Descrição</strong></span></h2>
<p><span style="font-size: 16px;"><strong>Observação:</strong></span><br />
<span style="font-size: 16px;"><strong>Produto novo, com NOTA FISCAL.</strong></span></p>
<p><span style="font-size: 16px;"><strong>Este anúncio contém:</strong></span><br />
<span style="font-size: 16px;"><strong>1 (Um) Radiador VISCONDE.</strong></span></p>
<p><span style="font-size: 16px;"><strong>Dimensões Radiador:</strong></span><br />
<span style="font-size: 16px;"><strong>480MM x 414MM x 23MM.</strong></span></p>
<p><span style="font-size: 16px;"><strong>Informações Técnicas:</strong></span><br />
<span style="font-size: 16px;"><strong>Cambio Manual Com ou Sem AR.</strong></span></p>

<p><span style="font-size: 16px;"><strong>Aplicável nos seguintes veículos:</strong></span></p>
<p><span style="font-size: 16px;"><strong>Montadora: Renault;</strong></span><br />
<span style="font-size: 16px;"><strong>Veículo: Sandero;</strong></span><br />
<span style="font-size: 16px;"><strong>Motor: 1.0 e 1.6 16V;</strong></span><br />
<span style="font-size: 16px;"><strong>Ano: 2007, 2008, 2009, 2010, 2011, 2012 e 2013.</strong></span></p>
<p><span style="font-size: 16px;"><strong>Montadora: Renault;</strong></span><br />
<span style="font-size: 16px;"><strong>Veículo: Logan;</strong></span><br />
<span style="font-size: 16px;"><strong>Motor: 1.0 e 1.6 16V;</strong></span><br />
<span style="font-size: 16px;"><strong>Ano: 2007, 2008, 2009, 2010, 2011, 2012 e 2013.</strong></span></p>
<p><span style="font-size: 16px;"><strong>Montadora: Renault;</strong></span><br />
<span style="font-size: 16px;"><strong>Veículo: Kangoo;</strong></span><br />
<span style="font-size: 16px;"><strong>Motor: 1.0 e 1.6;</strong></span><br />
<span style="font-size: 16px;"><strong>Ano: 1999, 2000, 2001, 2002, 2003, 2004, 2005, 2006, 2007 e 2008.</strong></span></p>
<p><span style="font-size: 16px;"><strong>Montadora: Renault;</strong></span><br />
<span style="font-size: 16px;"><strong>Veículo: Clio;</strong></span><br />
<span style="font-size: 16px;"><strong>Motor: 1.0 e 1.6;</strong></span><br />
<span style="font-size: 16px;"><strong>Ano: 1999, 2000, 2001, 2002, 2003, 2004, 2005, 2006, 2007 e 2008.</strong></span></p>
<p><span style="font-size: 16px;"><strong>Código da Peça:</strong></span><br />
<span style="font-size: 16px;"><strong>RV2900 &#8211; VISCONDE.</strong></span></p>
