{"id":4520,"date":"2023-01-26T10:56:17","date_gmt":"2023-01-26T13:56:17","guid":{"rendered":"https:\/\/reybrasilautopecas.com.br\/?post_type=product&#038;p=4520"},"modified":"2025-06-14T10:48:03","modified_gmt":"2025-06-14T13:48:03","slug":"sensor-nivel-combustivel-prisma-07-celta-corsa-flex-t10095","status":"publish","type":"product","link":"https:\/\/reybrasilautopecas.com.br\/?product=sensor-nivel-combustivel-prisma-07-celta-corsa-flex-t10095","title":{"rendered":"Sensor N\u00edvel Combust\u00edvel Prisma 07\/ Celta\/Corsa Flex TSA010095"},"content":{"rendered":"<p><span style=\"color: #000000;\"><strong><span style=\"font-size: 16px;\">Aplica\u00e7\u00e3o<\/span><\/strong><\/span><\/p>\n<p><span style=\"color: #000000;\"><strong><span style=\"font-size: 16px;\">: GM-CHEVROLET: &#8211; Celta do ano de 2005 at\u00e9 o ano de 2006.<\/span><\/strong><\/span><\/p>\n<p><span style=\"color: #000000;\"><strong><span style=\"font-size: 16px;\"> &#8211; Corsa do ano de 2006 at\u00e9 o ano de 2007. <\/span><\/strong><\/span><\/p>\n<p><span style=\"color: #000000;\"><strong><span style=\"font-size: 16px;\">&#8211; Prisma do ano de 2007 at\u00e9 o ano de 2009. <\/span><\/strong><\/span><\/p>\n","protected":false},"excerpt":{"rendered":"<div class=\"Iv7FJp\"><span style=\"color: #000000;\"><strong><span style=\"font-size: 16px;\">Descri\u00e7\u00e3o Do Produto<\/span><\/strong><\/span><\/div>\n<div><\/div>\n<div class=\"MCCLkq\">\n<div class=\"f7AU53\">\n<p class=\"irIKAp\"><span style=\"color: #000000;\"><strong><span style=\"font-size: 16px;\">SENSOR DE N\u00cdVEL DE COMBUST\u00cdVEL (BOIA) *** Informa\u00e7\u00f5es t\u00e9cnicas Marca: TSA DO BRASIL Valor \u00d4hmico = Cheio: 38 a 42 Meio: 100 a 117 Vazio: 277 a 288 Combust\u00edvel = Flex Observa\u00e7\u00e3o: Compat\u00edvel com Bombas Bosch<\/span><\/strong><\/span><\/p>\n<\/div>\n<\/div>\n","protected":false},"featured_media":4521,"comment_status":"open","ping_status":"closed","template":"","meta":{"om_disable_all_campaigns":false,"jetpack_publicize_message":"","jetpack_publicize_feature_enabled":true,"jetpack_social_post_already_shared":true,"jetpack_social_options":{"image_generator_settings":{"template":"highway","default_image_id":0,"font":"","enabled":false},"version":2}},"product_brand":[],"product_cat":[122],"product_tag":[],"class_list":{"0":"post-4520","1":"product","2":"type-product","3":"status-publish","4":"has-post-thumbnail","6":"product_cat-sensor-nivel","8":"first","9":"instock","10":"sale","11":"featured","12":"shipping-taxable","13":"purchasable","14":"product-type-simple"},"jetpack_publicize_connections":[],"jetpack_sharing_enabled":true,"_links":{"self":[{"href":"https:\/\/reybrasilautopecas.com.br\/index.php?rest_route=\/wp\/v2\/product\/4520","targetHints":{"allow":["GET"]}}],"collection":[{"href":"https:\/\/reybrasilautopecas.com.br\/index.php?rest_route=\/wp\/v2\/product"}],"about":[{"href":"https:\/\/reybrasilautopecas.com.br\/index.php?rest_route=\/wp\/v2\/types\/product"}],"replies":[{"embeddable":true,"href":"https:\/\/reybrasilautopecas.com.br\/index.php?rest_route=%2Fwp%2Fv2%2Fcomments&post=4520"}],"wp:featuredmedia":[{"embeddable":true,"href":"https:\/\/reybrasilautopecas.com.br\/index.php?rest_route=\/wp\/v2\/media\/4521"}],"wp:attachment":[{"href":"https:\/\/reybrasilautopecas.com.br\/index.php?rest_route=%2Fwp%2Fv2%2Fmedia&parent=4520"}],"wp:term":[{"taxonomy":"product_brand","embeddable":true,"href":"https:\/\/reybrasilautopecas.com.br\/index.php?rest_route=%2Fwp%2Fv2%2Fproduct_brand&post=4520"},{"taxonomy":"product_cat","embeddable":true,"href":"https:\/\/reybrasilautopecas.com.br\/index.php?rest_route=%2Fwp%2Fv2%2Fproduct_cat&post=4520"},{"taxonomy":"product_tag","embeddable":true,"href":"https:\/\/reybrasilautopecas.com.br\/index.php?rest_route=%2Fwp%2Fv2%2Fproduct_tag&post=4520"}],"curies":[{"name":"wp","href":"https:\/\/api.w.org\/{rel}","templated":true}]}}