{"id":4168,"date":"2022-09-05T16:55:45","date_gmt":"2022-09-05T19:55:45","guid":{"rendered":"https:\/\/reybrasilautopecas.com.br\/?post_type=product&#038;p=4168"},"modified":"2025-02-17T16:14:53","modified_gmt":"2025-02-17T19:14:53","slug":"pivo-do-suspensao-fiat-palio-99-trw-ps-962","status":"publish","type":"product","link":"https:\/\/reybrasilautopecas.com.br\/?product=pivo-do-suspensao-fiat-palio-99-trw-ps-962","title":{"rendered":"Pivo Do Suspens\u00e3o Fiat Palio 99\/ Trw PS962"},"content":{"rendered":"<p><span style=\"color: #000000;\"><strong><span style=\"font-size: 16px;\">Aplica\u00e7\u00e3o<\/span><\/strong><\/span><\/p>\n<ul id=\"listaAplicacao\">\n<li><span style=\"color: #000000;\"><strong><span style=\"font-size: 16px;\">FIAT PALIO 1.0 16V 01\/1996 at\u00e9 12\/2000<\/span><\/strong><\/span><\/li>\n<li><span style=\"color: #000000;\"><strong><span style=\"font-size: 16px;\">FIAT PALIO 1.5 8V 01\/1996 at\u00e9 12\/2000<\/span><\/strong><\/span><\/li>\n<li><span style=\"color: #000000;\"><strong><span style=\"font-size: 16px;\">FIAT PALIO 1.6 8V 01\/1996 at\u00e9 12\/2000<\/span><\/strong><\/span><\/li>\n<li><span style=\"color: #000000;\"><strong><span style=\"font-size: 16px;\">FIAT PALIO 1.6 16V 01\/1996 at\u00e9 12\/2000<\/span><\/strong><\/span><\/li>\n<li><span style=\"color: #000000;\"><strong><span style=\"font-size: 16px;\">FIAT SIENA 1.0 8V 01\/1997 at\u00e9 12\/2000<\/span><\/strong><\/span><\/li>\n<li><span style=\"color: #000000;\"><strong><span style=\"font-size: 16px;\">FIAT SIENA 1.0 16V 01\/1997 at\u00e9 12\/2000<\/span><\/strong><\/span><\/li>\n<li><span style=\"color: #000000;\"><strong><span style=\"font-size: 16px;\">FIAT SIENA 1.5 8V 01\/1999 at\u00e9 12\/2004<\/span><\/strong><\/span><\/li>\n<li><span style=\"color: #000000;\"><strong><span style=\"font-size: 16px;\">FIAT SIENA 1.6 8V 01\/1998 at\u00e9 12\/2003<\/span><\/strong><\/span><\/li>\n<li><span style=\"color: #000000;\"><strong><span style=\"font-size: 16px;\">FIAT SIENA 1.6 16V 01\/1998 at\u00e9 12\/2003<\/span><\/strong><\/span><\/li>\n<\/ul>\n","protected":false},"excerpt":{"rendered":"<p><span style=\"color: #000000;\"><strong><span style=\"font-size: 16px;\">Descri\u00e7\u00e3o<\/span><\/strong><\/span><\/p>\n<section id=\"area-b\" class=\"aba descricao\">\n<div class=\"tpl-center\">\n<div class=\"productDescription\"><span style=\"color: #000000;\"><strong><span style=\"font-size: 16px;\">O pivo de suspens\u00e3o \u00e9 um dos principais itens da suspens\u00e3o de um carro. Ele \u00e9 conectado junto a bandeja e que trabalham junto com os outros componentes, fazendo a conex\u00e3o da roda ao Chassi do ve\u00edculo.<\/span><\/strong><\/span><br \/>\n<span style=\"color: #000000;\"><strong><span style=\"font-size: 16px;\">Geralmente essa pe\u00e7a \u00e9 encontrada no eixo dianteiro, por\u00e9m em alguns ve\u00edculos tamb\u00e9m existem o pivo de suspens\u00e3o no eixo traseiro.<\/span><\/strong><\/span><span style=\"color: #000000;\"><strong><span style=\"font-size: 16px;\">Sua fun\u00e7\u00e3o \u00e9 permitir que a coluna gire dentro do seu eixo. O pivo proporciona o giro das rodas e o angulo de oscila\u00e7\u00e3o da bandeja no seu movimento de subida e descida como de exemplo, ao passar uma lombada. Al\u00e9m disso, ele se movimenta para frente e para tr\u00e1s quando realizamos arranques e frenagens e para dentro quanto fora em curvas.<\/span><\/strong><\/span><span style=\"color: #000000;\"><strong><span style=\"font-size: 16px;\">Por ser uma pe\u00e7a que recebe impactos constantes, recomendamos que passe por verifica\u00e7\u00e3o preventiva sempre que poss\u00edvel. Um pivo ruim possui folgas, e falta de lubrifica\u00e7\u00e3o. Ao identificar esses problemas, \u00e9 necess\u00e1rio que fa\u00e7a a substitui\u00e7\u00e3o da mesma imediatamente.<\/span><\/strong><\/span><\/p>\n<\/div>\n<\/div>\n<\/section>\n<div class=\"trustvox-container tpl-center\">\n<h3 id=\"trustvox-reviews\"><\/h3>\n<\/div>\n","protected":false},"featured_media":4169,"comment_status":"open","ping_status":"closed","template":"","meta":{"om_disable_all_campaigns":false,"jetpack_publicize_message":"","jetpack_publicize_feature_enabled":true,"jetpack_social_post_already_shared":false,"jetpack_social_options":{"image_generator_settings":{"template":"highway","default_image_id":0,"font":"","enabled":false},"version":2}},"product_brand":[],"product_cat":[131],"product_tag":[],"class_list":{"0":"post-4168","1":"product","2":"type-product","3":"status-publish","4":"has-post-thumbnail","6":"product_cat-pivo","8":"first","9":"instock","10":"shipping-taxable","11":"purchasable","12":"product-type-simple"},"jetpack_publicize_connections":[],"jetpack_sharing_enabled":true,"_links":{"self":[{"href":"https:\/\/reybrasilautopecas.com.br\/index.php?rest_route=\/wp\/v2\/product\/4168","targetHints":{"allow":["GET"]}}],"collection":[{"href":"https:\/\/reybrasilautopecas.com.br\/index.php?rest_route=\/wp\/v2\/product"}],"about":[{"href":"https:\/\/reybrasilautopecas.com.br\/index.php?rest_route=\/wp\/v2\/types\/product"}],"replies":[{"embeddable":true,"href":"https:\/\/reybrasilautopecas.com.br\/index.php?rest_route=%2Fwp%2Fv2%2Fcomments&post=4168"}],"wp:featuredmedia":[{"embeddable":true,"href":"https:\/\/reybrasilautopecas.com.br\/index.php?rest_route=\/wp\/v2\/media\/4169"}],"wp:attachment":[{"href":"https:\/\/reybrasilautopecas.com.br\/index.php?rest_route=%2Fwp%2Fv2%2Fmedia&parent=4168"}],"wp:term":[{"taxonomy":"product_brand","embeddable":true,"href":"https:\/\/reybrasilautopecas.com.br\/index.php?rest_route=%2Fwp%2Fv2%2Fproduct_brand&post=4168"},{"taxonomy":"product_cat","embeddable":true,"href":"https:\/\/reybrasilautopecas.com.br\/index.php?rest_route=%2Fwp%2Fv2%2Fproduct_cat&post=4168"},{"taxonomy":"product_tag","embeddable":true,"href":"https:\/\/reybrasilautopecas.com.br\/index.php?rest_route=%2Fwp%2Fv2%2Fproduct_tag&post=4168"}],"curies":[{"name":"wp","href":"https:\/\/api.w.org\/{rel}","templated":true}]}}