{"id":3948,"date":"2022-08-11T17:04:42","date_gmt":"2022-08-11T20:04:42","guid":{"rendered":"https:\/\/reybrasilautopecas.com.br\/?post_type=product&#038;p=3948"},"modified":"2025-02-20T16:02:51","modified_gmt":"2025-02-20T19:02:51","slug":"sensor-nivel-combustivel-ford-f250-1998-a-2002-tsa-t010135","status":"publish","type":"product","link":"https:\/\/reybrasilautopecas.com.br\/?product=sensor-nivel-combustivel-ford-f250-1998-a-2002-tsa-t010135","title":{"rendered":"Sensor N\u00edvel Combust\u00edvel Ford F250 1998 \u00c0 2002 TSA T010135"},"content":{"rendered":"<p><span style=\"color: #000000;\"><strong><span style=\"font-size: 16px;\">Aplica\u00e7\u00e3o<\/span><\/strong><\/span><\/p>\n<p><span style=\"color: #000000;\"><strong><span style=\"font-size: 16px;\">FORD F 250 CC XL 3.9 L 16V DOHC L4 (2006 a 2012)<\/span><\/strong><\/span><br \/>\n<span style=\"color: #000000;\"><strong><span style=\"font-size: 16px;\">F 250 CC XL 4.2 L 18V DOHC L6 (1999 a 2006)<\/span><\/strong><\/span><br \/>\n<span style=\"color: #000000;\"><strong><span style=\"font-size: 16px;\">F 250 CC XLD 4.2 L 18V DOHC L6 (1999 a 2006)<\/span><\/strong><\/span><br \/>\n<span style=\"color: #000000;\"><strong><span style=\"font-size: 16px;\">F 250 CC XLT 3.9 L 16V DOHC L4 (2006 a 2012)<\/span><\/strong><\/span><br \/>\n<span style=\"color: #000000;\"><strong><span style=\"font-size: 16px;\">F 250 LD XL 3.9 L 8V SOHC L4 (1998 a 2006)<\/span><\/strong><\/span><br \/>\n<span style=\"color: #000000;\"><strong><span style=\"font-size: 16px;\">F 250 LD XL 4.2 L 12V OHV V6 (1998 a 2003)<\/span><\/strong><\/span><br \/>\n<span style=\"color: #000000;\"><strong><span style=\"font-size: 16px;\">F 250 LD XL 4.2 L 18V DOHC L6 (1999 a 2006)<\/span><\/strong><\/span><br \/>\n<span style=\"color: #000000;\"><strong><span style=\"font-size: 16px;\">F 250 LD XLT 3.9 L 8V SOHC L4 (1998 a 2006)<\/span><\/strong><\/span><br \/>\n<span style=\"color: #000000;\"><strong><span style=\"font-size: 16px;\">F 250 LD XLT 4.2 L 12V OHV V6 (1998 a 2003)<\/span><\/strong><\/span><br \/>\n<span style=\"color: #000000;\"><strong><span style=\"font-size: 16px;\">F 250 RC XL 3.9 L 16V DOHC L4 (2006 a 2012)<\/span><\/strong><\/span><br \/>\n<span style=\"color: #000000;\"><strong><span style=\"font-size: 16px;\">F 250 RC XLT 3.9 L 16V DOHC L4 (2006 a 2012)<\/span><\/strong><\/span><br \/>\n<span style=\"color: #000000;\"><strong><span style=\"font-size: 16px;\">F 250 SD XL 4.2 L 12V OHV V6 (1998 a 2003)<\/span><\/strong><\/span><br \/>\n<span style=\"color: #000000;\"><strong><span style=\"font-size: 16px;\">F 250 SD XLT 4.2 L 18V DOHC L6 (1999 a 2006)<\/span><\/strong><\/span><\/p>\n","protected":false},"excerpt":{"rendered":"<div class=\"panel-heading\">\n<h4 class=\"panel-title\"><span style=\"color: #000000;\"><strong><span style=\"font-size: 16px;\">Descri\u00e7\u00e3o<\/span><\/strong><\/span><\/h4>\n<\/div>\n<div id=\"collapseDescription\" class=\"panel-collapse collapse show\">\n<div class=\"panel-body panel-description\"><span style=\"color: #000000;\"><strong><span style=\"font-size: 16px;\">A TSA do Brasil investe em tecnologia e qualifica\u00e7\u00e3o de sua M\u00e3o de obra. Monitorado pelos rigorosos padr\u00f5es ISO 9001, TSA oferece itens fabricados sob os mais r\u00edgidos controles de qualidade exigidos pelas montadoras. Os produtos TSA passam por rigorosas avalia\u00e7\u00f5es t\u00e9cnicas para aferir seu perfeito funcionamento. Este \u00e9 um dos procedimentos determinados por nossa pol\u00edtica de qualidade, que prioriza n\u00e3o apenas a alta tecnologia, mas tamb\u00e9m a perfeita montagem e a utiliza\u00e7\u00e3o de mat\u00e9ria prima de primeira linha.<\/span><\/strong><\/span><\/div>\n<\/div>\n","protected":false},"featured_media":3949,"comment_status":"open","ping_status":"closed","template":"","meta":{"om_disable_all_campaigns":false,"jetpack_publicize_message":"","jetpack_publicize_feature_enabled":true,"jetpack_social_post_already_shared":false,"jetpack_social_options":{"image_generator_settings":{"template":"highway","default_image_id":0,"font":"","enabled":false},"version":2}},"product_brand":[],"product_cat":[122],"product_tag":[],"class_list":{"0":"post-3948","1":"product","2":"type-product","3":"status-publish","4":"has-post-thumbnail","6":"product_cat-sensor-nivel","8":"first","9":"instock","10":"sale","11":"shipping-taxable","12":"purchasable","13":"product-type-simple"},"jetpack_publicize_connections":[],"jetpack_sharing_enabled":true,"_links":{"self":[{"href":"https:\/\/reybrasilautopecas.com.br\/index.php?rest_route=\/wp\/v2\/product\/3948","targetHints":{"allow":["GET"]}}],"collection":[{"href":"https:\/\/reybrasilautopecas.com.br\/index.php?rest_route=\/wp\/v2\/product"}],"about":[{"href":"https:\/\/reybrasilautopecas.com.br\/index.php?rest_route=\/wp\/v2\/types\/product"}],"replies":[{"embeddable":true,"href":"https:\/\/reybrasilautopecas.com.br\/index.php?rest_route=%2Fwp%2Fv2%2Fcomments&post=3948"}],"wp:featuredmedia":[{"embeddable":true,"href":"https:\/\/reybrasilautopecas.com.br\/index.php?rest_route=\/wp\/v2\/media\/3949"}],"wp:attachment":[{"href":"https:\/\/reybrasilautopecas.com.br\/index.php?rest_route=%2Fwp%2Fv2%2Fmedia&parent=3948"}],"wp:term":[{"taxonomy":"product_brand","embeddable":true,"href":"https:\/\/reybrasilautopecas.com.br\/index.php?rest_route=%2Fwp%2Fv2%2Fproduct_brand&post=3948"},{"taxonomy":"product_cat","embeddable":true,"href":"https:\/\/reybrasilautopecas.com.br\/index.php?rest_route=%2Fwp%2Fv2%2Fproduct_cat&post=3948"},{"taxonomy":"product_tag","embeddable":true,"href":"https:\/\/reybrasilautopecas.com.br\/index.php?rest_route=%2Fwp%2Fv2%2Fproduct_tag&post=3948"}],"curies":[{"name":"wp","href":"https:\/\/api.w.org\/{rel}","templated":true}]}}