{"id":3809,"date":"2022-08-01T10:58:41","date_gmt":"2022-08-01T13:58:41","guid":{"rendered":"https:\/\/reybrasilautopecas.com.br\/?post_type=product&#038;p=3809"},"modified":"2023-03-10T17:04:42","modified_gmt":"2023-03-10T20:04:42","slug":"mola-suspensao-cindumel-vw-gol-2-portas-g2-g3-traseira-cin-433","status":"publish","type":"product","link":"https:\/\/reybrasilautopecas.com.br\/?product=mola-suspensao-cindumel-vw-gol-2-portas-g2-g3-traseira-cin-433","title":{"rendered":"Par Mola Suspens\u00e3o Cindumel  Vw Gol 2 Portas G2 G3 Traseira Cin-433"},"content":{"rendered":"<p><span style=\"color: #000000;\"><strong><span style=\"font-size: 16px;\">Aplica\u00e7\u00f5es\u00a0<\/span><\/strong><\/span><\/p>\n<p><span style=\"color: #000000;\"><strong><span style=\"font-size: 16px;\">VW &#8211; VOLKSWAGEN GOL 2.0 16 V\u00c1LVULAS GTI MEC\u00c2NICO MANUAL de 1995 at\u00e9 1998<\/span><\/strong><\/span><br \/>\n<span style=\"color: #000000;\"><strong><span style=\"font-size: 16px;\">VW &#8211; VOLKSWAGEN GOL 1.0 16 V\u00c1LVULAS MEC\u00c2NICO MANUAL de 1995 at\u00e9 1998<\/span><\/strong><\/span><br \/>\n<span style=\"color: #000000;\"><strong><span style=\"font-size: 16px;\">VW &#8211; VOLKSWAGEN GOL 2.0 8 V\u00c1LVULAS MEC\u00c2NICO MANUAL de 1995 at\u00e9 1998<\/span><\/strong><\/span><br \/>\n<span style=\"color: #000000;\"><strong><span style=\"font-size: 16px;\">VW &#8211; VOLKSWAGEN GOL 1.8 MEC\u00c2NICO MANUAL de 1995 at\u00e9 1998<\/span><\/strong><\/span><br \/>\n<span style=\"color: #000000;\"><strong><span style=\"font-size: 16px;\">VW &#8211; VOLKSWAGEN GOL 1.0 MEC\u00c2NICO MANUAL de 1995 at\u00e9 1998<\/span><\/strong><\/span><br \/>\n<span style=\"color: #000000;\"><strong><span style=\"font-size: 16px;\">VW &#8211; VOLKSWAGEN GOL 1.6 MEC\u00c2NICO MANUAL de 1995 at\u00e9 1998<\/span><\/strong><\/span><\/p>\n","protected":false},"excerpt":{"rendered":"<p><span style=\"color: #000000;\"><strong><span style=\"font-size: 16px;\">Descri\u00e7\u00e3o<\/span><\/strong><\/span><\/p>\n<p><span style=\"color: #000000;\"><strong><span style=\"font-size: 16px;\">OLA SUSPENS\u00c3O VW GOL 2 PORTAS TODOS GER II\/III 95\/ TRASEIRA<\/span><\/strong><\/span><\/p>\n<p><span style=\"color: #000000;\"><strong><span style=\"font-size: 16px;\">Fabricante \/ Marca : CINDUMEL<\/span><\/strong><\/span><\/p>\n<p><span style=\"color: #000000;\"><strong><span style=\"font-size: 16px;\">C\u00f3digo fabricante : CIN-433<\/span><\/strong><\/span><\/p>\n<p><span style=\"color: #000000;\"><strong><span style=\"font-size: 16px;\">Unidade de venda: Jogo<\/span><\/strong><\/span><br \/>\n<span style=\"color: #000000;\"><strong><span style=\"font-size: 16px;\">Este Jogo cont\u00e9m 2 pe\u00e7as.<\/span><\/strong><\/span><\/p>\n","protected":false},"featured_media":3810,"comment_status":"open","ping_status":"closed","template":"","meta":{"om_disable_all_campaigns":false,"jetpack_publicize_message":"","jetpack_publicize_feature_enabled":true,"jetpack_social_post_already_shared":false,"jetpack_social_options":{"image_generator_settings":{"template":"highway","default_image_id":0,"font":"","enabled":false},"version":2}},"product_brand":[],"product_cat":[119],"product_tag":[],"class_list":{"0":"post-3809","1":"product","2":"type-product","3":"status-publish","4":"has-post-thumbnail","6":"product_cat-mola","8":"first","9":"instock","10":"featured","11":"shipping-taxable","12":"purchasable","13":"product-type-simple"},"jetpack_publicize_connections":[],"jetpack_sharing_enabled":true,"_links":{"self":[{"href":"https:\/\/reybrasilautopecas.com.br\/index.php?rest_route=\/wp\/v2\/product\/3809","targetHints":{"allow":["GET"]}}],"collection":[{"href":"https:\/\/reybrasilautopecas.com.br\/index.php?rest_route=\/wp\/v2\/product"}],"about":[{"href":"https:\/\/reybrasilautopecas.com.br\/index.php?rest_route=\/wp\/v2\/types\/product"}],"replies":[{"embeddable":true,"href":"https:\/\/reybrasilautopecas.com.br\/index.php?rest_route=%2Fwp%2Fv2%2Fcomments&post=3809"}],"wp:featuredmedia":[{"embeddable":true,"href":"https:\/\/reybrasilautopecas.com.br\/index.php?rest_route=\/wp\/v2\/media\/3810"}],"wp:attachment":[{"href":"https:\/\/reybrasilautopecas.com.br\/index.php?rest_route=%2Fwp%2Fv2%2Fmedia&parent=3809"}],"wp:term":[{"taxonomy":"product_brand","embeddable":true,"href":"https:\/\/reybrasilautopecas.com.br\/index.php?rest_route=%2Fwp%2Fv2%2Fproduct_brand&post=3809"},{"taxonomy":"product_cat","embeddable":true,"href":"https:\/\/reybrasilautopecas.com.br\/index.php?rest_route=%2Fwp%2Fv2%2Fproduct_cat&post=3809"},{"taxonomy":"product_tag","embeddable":true,"href":"https:\/\/reybrasilautopecas.com.br\/index.php?rest_route=%2Fwp%2Fv2%2Fproduct_tag&post=3809"}],"curies":[{"name":"wp","href":"https:\/\/api.w.org\/{rel}","templated":true}]}}