{"id":3639,"date":"2022-07-25T15:25:59","date_gmt":"2022-07-25T18:25:59","guid":{"rendered":"https:\/\/reybrasilautopecas.com.br\/?post_type=product&#038;p=3639"},"modified":"2025-02-20T16:12:20","modified_gmt":"2025-02-20T19:12:20","slug":"bomba-d-agua-idea-palio-doblo-siena-strada-1-8-urba-ub0162","status":"publish","type":"product","link":"https:\/\/reybrasilautopecas.com.br\/?product=bomba-d-agua-idea-palio-doblo-siena-strada-1-8-urba-ub0162","title":{"rendered":"Bomba D \u00c1gua Idea\/Palio\/Doblo\/Siena\/ Strada 1.8 UB0162"},"content":{"rendered":"<p><span style=\"color: #000000;\"><strong><span style=\"font-size: 16px;\">APLICA\u00c7\u00c3O:<\/span><\/strong><\/span><\/p>\n<p><span style=\"color: #000000;\"><strong><span style=\"font-size: 16px;\">FIAT<\/span><\/strong><\/span><br \/>\n<span style=\"color: #000000;\"><strong><span style=\"font-size: 16px;\">DOBLO ADVENTURE &#8211; 1.8 8V FLEX &#8211; ANO 2004 EM DIANTE<\/span><\/strong><\/span><br \/>\n<span style=\"color: #000000;\"><strong><span style=\"font-size: 16px;\">DOBLO CARGO &#8211;\u00a0 1.8 8V FLEX &#8211; ANO 2004 EM DIANTE<\/span><\/strong><\/span><br \/>\n<span style=\"color: #000000;\"><strong><span style=\"font-size: 16px;\">DOBLO ELX &#8211;\u00a0 1.8 8V FLEX &#8211; ANO 2004 A 2010<\/span><\/strong><\/span><br \/>\n<span style=\"color: #000000;\"><strong><span style=\"font-size: 16px;\">DOBLO HLX &#8211;\u00a0 1.8 8V FLEX &#8211; ANO 2007 EM DIANTE<\/span><\/strong><\/span><br \/>\n<span style=\"color: #000000;\"><strong><span style=\"font-size: 16px;\">IDEA ADVENTURE &#8211;\u00a0 1.8 8V FLEX &#8211; ANO 2007 EM DIANTE<\/span><\/strong><\/span><br \/>\n<span style=\"color: #000000;\"><strong><span style=\"font-size: 16px;\">IDEA ELX &#8211;\u00a0 1.8 8V FLEX &#8211; ANO 2010 EM DIANTE<\/span><\/strong><\/span><br \/>\n<span style=\"color: #000000;\"><strong><span style=\"font-size: 16px;\">PALIO 1.8R &#8211;\u00a0 1.8 8V FLEX &#8211; ANO 2007 EM DIANTE<\/span><\/strong><\/span><br \/>\n<span style=\"color: #000000;\"><strong><span style=\"font-size: 16px;\">PALIO ELX &#8211;\u00a0 1.8 8V FLEX &#8211; ANO 2003 A 2010<\/span><\/strong><\/span><br \/>\n<span style=\"color: #000000;\"><strong><span style=\"font-size: 16px;\">PALIO ELX DUALOGIC &#8211;\u00a0 1.8 8V FLEX &#8211; ANO 2010 EM DIANTE<\/span><\/strong><\/span><br \/>\n<span style=\"color: #000000;\"><strong><span style=\"font-size: 16px;\">PALIO EX &#8211;\u00a0 1.8 8V FLEX &#8211; ANO 2003 A 2004<\/span><\/strong><\/span><br \/>\n<span style=\"color: #000000;\"><strong><span style=\"font-size: 16px;\">PALIO HLX &#8211;\u00a0 1.8 8V FLEX &#8211; ANO 2004 A 2007<\/span><\/strong><\/span><br \/>\n<span style=\"color: #000000;\"><strong><span style=\"font-size: 16px;\">PALIO WEEKEND ADVENTURE &#8211;\u00a0 1.8 8V FLEX &#8211; ANNO 2004 EM DIANTE<\/span><\/strong><\/span><br \/>\n<span style=\"color: #000000;\"><strong><span style=\"font-size: 16px;\">PUNTO HLX &#8211;\u00a0 1.8 8V FLEX &#8211; ANO 2008 EM DIANTE<\/span><\/strong><\/span><br \/>\n<span style=\"color: #000000;\"><strong><span style=\"font-size: 16px;\">SIENA ELX &#8211;\u00a0 1.8 8V FLEX &#8211; ANO 2003 A 2004<\/span><\/strong><\/span><br \/>\n<span style=\"color: #000000;\"><strong><span style=\"font-size: 16px;\">SIENA EX &#8211;\u00a0 1.8 8V FLEX &#8211; ANO 2003 A 2004<\/span><\/strong><\/span><br \/>\n<span style=\"color: #000000;\"><strong><span style=\"font-size: 16px;\">SIENA HLX &#8211;\u00a0 1.8 8V FLEX &#8211; ANO 2004 EM DIANTE<\/span><\/strong><\/span><br \/>\n<span style=\"color: #000000;\"><strong><span style=\"font-size: 16px;\">SIENA HLX DUALOGIC &#8211;\u00a0 1.8 8V FLEX &#8211; ANO 2010 EM DIANTE<\/span><\/strong><\/span><br \/>\n<span style=\"color: #000000;\"><strong><span style=\"font-size: 16px;\">STILO CONNECT &#8211;\u00a0 1.8 8V FLEX &#8211; ANO 2003 EM DIANTE<\/span><\/strong><\/span><br \/>\n<span style=\"color: #000000;\"><strong><span style=\"font-size: 16px;\">STILO DUALOGIC &#8211;\u00a0 1.8 8V FLEX &#8211; ANO 2008 EM DIANTE<\/span><\/strong><\/span><br \/>\n<span style=\"color: #000000;\"><strong><span style=\"font-size: 16px;\">STILO SP &#8211;\u00a0 1.8 8V FLEX &#8211; ANO 2007 EM DIANTE<\/span><\/strong><\/span><br \/>\n<span style=\"color: #000000;\"><strong><span style=\"font-size: 16px;\">STILO SP CONNECT &#8211;\u00a0 1.8 8V FLEX &#8211; ANO 2003 A 2007<\/span><\/strong><\/span><br \/>\n<span style=\"color: #000000;\"><strong><span style=\"font-size: 16px;\">STILO SP DUALOGIC &#8211;\u00a0 1.8 8V FLEX &#8211; ANO 2008 EM DIANTE<\/span><\/strong><\/span><br \/>\n<span style=\"color: #000000;\"><strong><span style=\"font-size: 16px;\">STILO SPORTING DUALOGIC &#8211;\u00a0 1.8 8V FLEX &#8211; ANO 2008 EM DIANTE<\/span><\/strong><\/span><br \/>\n<span style=\"color: #000000;\"><strong><span style=\"font-size: 16px;\">STRADA ADVENTURE CE &#8211;\u00a0 1.8 8V FLEX &#8211; ANO 2003 A 2004<\/span><\/strong><\/span><br \/>\n<span style=\"color: #000000;\"><strong><span style=\"font-size: 16px;\">STRADA ADVENTURE LOCKER CE &#8211;\u00a0 1.8 8V FLEX &#8211; ANO 2009 EM DIANTE<\/span><\/strong><\/span><br \/>\n<span style=\"color: #000000;\"><strong><span style=\"font-size: 16px;\">STRADA ADVENTURE TRYON CE &#8211;\u00a0 1.8 8V FLEX &#8211; ANO 2005 A 2006<\/span><\/strong><\/span><br \/>\n<span style=\"color: #000000;\"><strong><span style=\"font-size: 16px;\">STRADA TREKKING CE &#8211;\u00a0 1.8 8V FLEX &#8211; ANO 2005 A 2010<\/span><\/strong><\/span><br \/>\n<span style=\"color: #000000;\"><strong><span style=\"font-size: 16px;\">STRADA TREKKING CS &#8211;\u00a0 1.8 8V FLEX &#8211; ANO 2004 A 2010<\/span><\/strong><\/span><br \/>\n<span style=\"color: #000000;\"><strong><span style=\"font-size: 16px;\">GM<\/span><\/strong><\/span><br \/>\n<span style=\"color: #000000;\"><strong><span style=\"font-size: 16px;\">COBALT &#8211;\u00a0 1.8 8V FLEXPOWER &#8211; ANO 2012 EM DIANTE<\/span><\/strong><\/span><br \/>\n<span style=\"color: #000000;\"><strong><span style=\"font-size: 16px;\">CORSA HATCHBACK &#8211; 1.8 8V FLEXPOWER\u00a0 &#8211; ANO 2002 A 2004<\/span><\/strong><\/span><br \/>\n<span style=\"color: #000000;\"><strong><span style=\"font-size: 16px;\">CORSA HATCHBACK &#8211; 1.8 8V FLEXPOWER &#8211; ANO 2005 A 2007<\/span><\/strong><\/span><br \/>\n<span style=\"color: #000000;\"><strong><span style=\"font-size: 16px;\">CORSA HATCHBACK &#8211; 1.8 8V FLEXPOWER &#8211; ANO 2005 A 2007<\/span><\/strong><\/span><br \/>\n<span style=\"color: #000000;\"><strong><span style=\"font-size: 16px;\">CORSA HATCHBACK PREMIUM &#8211; 1.8 8V FLEXPOWER &#8211; ANO 2005 A 2007<\/span><\/strong><\/span><br \/>\n<span style=\"color: #000000;\"><strong><span style=\"font-size: 16px;\">CORSA HATCHBACK SS &#8211; 1.8 8V FLEXPOWER &#8211; ANO 2006 A 2009<\/span><\/strong><\/span><br \/>\n<span style=\"color: #000000;\"><strong><span style=\"font-size: 16px;\">CORSA SEDAN &#8211; 1.8 8V FLEXPOWER &#8211; ANO 2002 A 2004<\/span><\/strong><\/span><br \/>\n<span style=\"color: #000000;\"><strong><span style=\"font-size: 16px;\">CORSA SEDAN JOY &#8211; 1.8 8V FLEXPOWER &#8211; ANO 2005 A 2007<\/span><\/strong><\/span><br \/>\n<span style=\"color: #000000;\"><strong><span style=\"font-size: 16px;\">CORSA SEDAN MAXX &#8211; 1.8 8V FLEXPOWER &#8211; ANO 2005 A 2007<\/span><\/strong><\/span><br \/>\n<span style=\"color: #000000;\"><strong><span style=\"font-size: 16px;\">CORSA SEDAN PREMIUM &#8211; 1.8 8V FLEXPOWER &#8211; ANO 2005 A 2009<\/span><\/strong><\/span><br \/>\n<span style=\"color: #000000;\"><strong><span style=\"font-size: 16px;\">MERIVA CD &#8211; 1.8 8V FLEXPOWER &#8211; ANO 2003 A 2004<\/span><\/strong><\/span><br \/>\n<span style=\"color: #000000;\"><strong><span style=\"font-size: 16px;\">MERIVA EXPRESSION EASYTRONIC &#8211; 1.8 8V FLEXPOWER &#8211; ANO 2009 A 2012<\/span><\/strong><\/span><br \/>\n<span style=\"color: #000000;\"><strong><span style=\"font-size: 16px;\">MERIVA JOY &#8211; 1.8 8V FLEXPOWER &#8211; ANO 2005 A 2008<\/span><\/strong><\/span><br \/>\n<span style=\"color: #000000;\"><strong><span style=\"font-size: 16px;\">MERIVA MAXX- 1.8 8V FLEXPOWER &#8211; ANO 2005 A 2008<\/span><\/strong><\/span><br \/>\n<span style=\"color: #000000;\"><strong><span style=\"font-size: 16px;\">MERIVA PREMIUM &#8211; 1.8 8V FLEXPOWER &#8211; ANO 2005 A 2008<\/span><\/strong><\/span><br \/>\n<span style=\"color: #000000;\"><strong><span style=\"font-size: 16px;\">MERIVA PREMIUM EASYTRONIC &#8211; 1.8 8V FLEXPOWER &#8211; ANO 2008 A 2012<\/span><\/strong><\/span><br \/>\n<span style=\"color: #000000;\"><strong><span style=\"font-size: 16px;\">MERIVA SS &#8211; 1.8 8V FLEXPOWER- ANO 2006 A 2008<\/span><\/strong><\/span><br \/>\n<span style=\"color: #000000;\"><strong><span style=\"font-size: 16px;\">MERIVA SS EASYTRONIC &#8211; 1.8 8V FLEXPOWER &#8211; ANO 2009 A 2012<\/span><\/strong><\/span><br \/>\n<span style=\"color: #000000;\"><strong><span style=\"font-size: 16px;\">MONTANA CONQUEST &#8211; 1.8 8V FLEXPOWER- ANO 2004 A 2007<\/span><\/strong><\/span><br \/>\n<span style=\"color: #000000;\"><strong><span style=\"font-size: 16px;\">MONTANA OFF ROAD &#8211; 1.8 8V FLEXPOWER &#8211; ANO 2004 A 2006<\/span><\/strong><\/span><br \/>\n<span style=\"color: #000000;\"><strong><span style=\"font-size: 16px;\">MONTANA SPORT &#8211; 1.8 8V FLEXPOWER &#8211; ANO 2004 A 2010<\/span><\/strong><\/span><br \/>\n<span style=\"color: #000000;\"><strong><span style=\"font-size: 16px;\">APIN &#8211; 1.8 8V FLEXPOWER &#8211; ANO 2012 EM DIANTE<\/span><\/strong><\/span><\/p>\n","protected":false},"excerpt":{"rendered":"<h2 class=\"ui-pdp-description__title\"><span style=\"color: #000000;\"><strong><span style=\"font-size: 16px;\">Descri\u00e7\u00e3o<\/span><\/strong><\/span><\/h2>\n<p class=\"ui-pdp-description__content\"><span style=\"color: #000000;\"><strong><span style=\"font-size: 16px;\">Este an\u00fancio cont\u00e9m os seguintes produtos:<\/span><\/strong><\/span><\/p>\n<p><span style=\"color: #000000;\"><strong><span style=\"font-size: 16px;\">1 Bomba d&#8217;\u00e1gua<\/span><\/strong><\/span><\/p>\n<p><span style=\"color: #000000;\"><strong><span style=\"font-size: 16px;\">Fabricante da bomba d&#8217;\u00e1gua: Urba<\/span><\/strong><\/span><\/p>\n<p><span style=\"color: #000000;\"><strong><span style=\"font-size: 16px;\">Observa\u00e7\u00e3o: O an\u00fancio cont\u00e9m imagens reais dos produto<\/span><\/strong><\/span><\/p>\n","protected":false},"featured_media":3640,"comment_status":"open","ping_status":"closed","template":"","meta":{"om_disable_all_campaigns":false,"jetpack_publicize_message":"","jetpack_publicize_feature_enabled":true,"jetpack_social_post_already_shared":false,"jetpack_social_options":{"image_generator_settings":{"template":"highway","default_image_id":0,"font":"","enabled":false},"version":2}},"product_brand":[],"product_cat":[153],"product_tag":[],"class_list":{"0":"post-3639","1":"product","2":"type-product","3":"status-publish","4":"has-post-thumbnail","6":"product_cat-bomba-dagua","8":"first","9":"instock","10":"sale","11":"featured","12":"shipping-taxable","13":"purchasable","14":"product-type-simple"},"jetpack_publicize_connections":[],"jetpack_sharing_enabled":true,"_links":{"self":[{"href":"https:\/\/reybrasilautopecas.com.br\/index.php?rest_route=\/wp\/v2\/product\/3639","targetHints":{"allow":["GET"]}}],"collection":[{"href":"https:\/\/reybrasilautopecas.com.br\/index.php?rest_route=\/wp\/v2\/product"}],"about":[{"href":"https:\/\/reybrasilautopecas.com.br\/index.php?rest_route=\/wp\/v2\/types\/product"}],"replies":[{"embeddable":true,"href":"https:\/\/reybrasilautopecas.com.br\/index.php?rest_route=%2Fwp%2Fv2%2Fcomments&post=3639"}],"wp:featuredmedia":[{"embeddable":true,"href":"https:\/\/reybrasilautopecas.com.br\/index.php?rest_route=\/wp\/v2\/media\/3640"}],"wp:attachment":[{"href":"https:\/\/reybrasilautopecas.com.br\/index.php?rest_route=%2Fwp%2Fv2%2Fmedia&parent=3639"}],"wp:term":[{"taxonomy":"product_brand","embeddable":true,"href":"https:\/\/reybrasilautopecas.com.br\/index.php?rest_route=%2Fwp%2Fv2%2Fproduct_brand&post=3639"},{"taxonomy":"product_cat","embeddable":true,"href":"https:\/\/reybrasilautopecas.com.br\/index.php?rest_route=%2Fwp%2Fv2%2Fproduct_cat&post=3639"},{"taxonomy":"product_tag","embeddable":true,"href":"https:\/\/reybrasilautopecas.com.br\/index.php?rest_route=%2Fwp%2Fv2%2Fproduct_tag&post=3639"}],"curies":[{"name":"wp","href":"https:\/\/api.w.org\/{rel}","templated":true}]}}