{"id":3078,"date":"2022-06-15T08:37:38","date_gmt":"2022-06-15T11:37:38","guid":{"rendered":"https:\/\/reybrasilautopecas.com.br\/?post_type=product&#038;p=3078"},"modified":"2025-06-09T16:04:46","modified_gmt":"2025-06-09T19:04:46","slug":"bieleta-dianteira-ld-fiat-idea-axios-br19353102155","status":"publish","type":"product","link":"https:\/\/reybrasilautopecas.com.br\/?product=bieleta-dianteira-ld-fiat-idea-axios-br19353102155","title":{"rendered":"Bieleta Dianteira &#8211; LD Fiat Idea Axios BR19353102155"},"content":{"rendered":"<p><span style=\"color: #000000;\"><strong><span style=\"font-size: 16px;\">APLICA\u00c7\u00c3O:<\/span><\/strong><\/span><\/p>\n<p><span style=\"color: #000000;\"><strong><span style=\"font-size: 16px;\">FIAT &#8211; Idea &#8211; 2006 2007 2008 2009 2010 2011 2012 2013.<\/span><\/strong><\/span><\/p>\n","protected":false},"excerpt":{"rendered":"<p><span style=\"color: #000000;\"><strong><span style=\"font-size: 16px;\">Detalhes do Produto<\/span><\/strong><\/span><\/p>\n<div class=\"std\">\n<div class=\"std\"><span style=\"color: #000000;\"><strong><span style=\"font-size: 16px;\">&#8220;Bieleta \u00e9 um tirante que liga a barra estabilizadora a partes da suspens\u00e3o do ve\u00edculo, proporcionando maior controle de inclina\u00e7\u00e3o do carro em curvas e terrenos desnivelados.<\/span><\/strong><\/span><br \/>\n<span style=\"color: #000000;\"><strong><span style=\"font-size: 16px;\">A fixa\u00e7\u00e3o das bieletas pode ser feita por pinos esf\u00e9ricos ou buchas de borracha.<\/span><\/strong><\/span><br \/>\n<span style=\"color: #000000;\"><strong><span style=\"font-size: 16px;\">A Monroe Axios tem 57 anos de mercado no Brasil e surgiu com o intuito de possibilitar o avan\u00e7o tecnol\u00f3gico da ind\u00fastria automotiva e contribuir com o desenvolvimento de ve\u00edculos mais seguros.<\/span><\/strong><\/span><br \/>\n<span style=\"color: #000000;\"><strong><span style=\"font-size: 16px;\">A empresa \u00e9 de origem norte-americana e desenvolve componentes para o conjunto de suspens\u00e3o, buchas, coxins para motor e c\u00e2mbio, al\u00e9m de pe\u00e7as t\u00e9cnicas de metal borracha.<\/span><\/strong><\/span><\/div>\n<\/div>\n","protected":false},"featured_media":3079,"comment_status":"open","ping_status":"closed","template":"","meta":{"om_disable_all_campaigns":false,"jetpack_publicize_message":"","jetpack_publicize_feature_enabled":true,"jetpack_social_post_already_shared":false,"jetpack_social_options":{"image_generator_settings":{"template":"highway","default_image_id":0,"font":"","enabled":false},"version":2}},"product_brand":[],"product_cat":[146],"product_tag":[],"class_list":{"0":"post-3078","1":"product","2":"type-product","3":"status-publish","4":"has-post-thumbnail","6":"product_cat-bieleta","8":"first","9":"instock","10":"shipping-taxable","11":"purchasable","12":"product-type-simple"},"jetpack_publicize_connections":[],"jetpack_sharing_enabled":true,"_links":{"self":[{"href":"https:\/\/reybrasilautopecas.com.br\/index.php?rest_route=\/wp\/v2\/product\/3078","targetHints":{"allow":["GET"]}}],"collection":[{"href":"https:\/\/reybrasilautopecas.com.br\/index.php?rest_route=\/wp\/v2\/product"}],"about":[{"href":"https:\/\/reybrasilautopecas.com.br\/index.php?rest_route=\/wp\/v2\/types\/product"}],"replies":[{"embeddable":true,"href":"https:\/\/reybrasilautopecas.com.br\/index.php?rest_route=%2Fwp%2Fv2%2Fcomments&post=3078"}],"wp:featuredmedia":[{"embeddable":true,"href":"https:\/\/reybrasilautopecas.com.br\/index.php?rest_route=\/wp\/v2\/media\/3079"}],"wp:attachment":[{"href":"https:\/\/reybrasilautopecas.com.br\/index.php?rest_route=%2Fwp%2Fv2%2Fmedia&parent=3078"}],"wp:term":[{"taxonomy":"product_brand","embeddable":true,"href":"https:\/\/reybrasilautopecas.com.br\/index.php?rest_route=%2Fwp%2Fv2%2Fproduct_brand&post=3078"},{"taxonomy":"product_cat","embeddable":true,"href":"https:\/\/reybrasilautopecas.com.br\/index.php?rest_route=%2Fwp%2Fv2%2Fproduct_cat&post=3078"},{"taxonomy":"product_tag","embeddable":true,"href":"https:\/\/reybrasilautopecas.com.br\/index.php?rest_route=%2Fwp%2Fv2%2Fproduct_tag&post=3078"}],"curies":[{"name":"wp","href":"https:\/\/api.w.org\/{rel}","templated":true}]}}